{"id":46,"date":"2024-01-09T10:33:10","date_gmt":"2024-01-09T09:33:10","guid":{"rendered":"http:\/\/localhost\/www.juanjomu%C3%B1oz.com\/?page_id=46"},"modified":"2024-01-22T10:39:47","modified_gmt":"2024-01-22T09:39:47","slug":"servicios","status":"publish","type":"page","link":"https:\/\/xn--juanjomuoz-09a.com\/?page_id=46","title":{"rendered":"Servicios"},"content":{"rendered":"\n<div class=\"wp-block-group\" style=\"font-size:25px\"><div class=\"wp-block-group__inner-container is-layout-constrained wp-block-group-is-layout-constrained\">\n<div class=\"wp-block-group is-content-justification-center is-nowrap is-layout-flex wp-container-core-group-is-layout-94bc23d7 wp-block-group-is-layout-flex\">\n<p class=\"has-text-align-center wp-container-content-c9763a5f\">Mi objetivo como preparador f\u00edsico es mi total dedicaci\u00f3n a que consig\u00e1is el cambio f\u00edsico deseado. Por ello es necesario una mutua e imprescindible comunicaci\u00f3n y confianza, para alcanzar los resultados.<\/p>\n<\/div>\n\n\n\n<br>\n\n\n\n<h2 class=\"wp-block-heading has-text-align-center\">Servicios incluidos<\/h2>\n\n\n\n<br>\n\n\n\n<div class=\"wp-block-group is-content-justification-center is-nowrap is-layout-flex wp-container-core-group-is-layout-94bc23d7 wp-block-group-is-layout-flex\">\n<ul class=\"wp-block-list wp-container-content-c9763a5f\">\n<li><strong><em>Plan nutricional<\/em><\/strong>: completo elaborado para alcanzar tus objetivos (perdida de peso, aumento de masa muscular, etc..)<\/li>\n\n\n\n<li><strong><em>Plan suplementaci\u00f3n<\/em><\/strong>: en base a tus necesidades nutricionales.<\/li>\n<\/ul>\n<\/div>\n\n\n\n<br><br>\n\n\n\n<p class=\"has-text-align-center\">Estos dos planes se ajustaran a vuestras posibilidades y disponibilidad. <\/p>\n\n\n\n<p class=\"has-text-align-center\">(horarios, presupuesto econ\u00f3mico, etc..)<\/p>\n\n\n\n<br>\n\n\n\n<div class=\"wp-block-group is-content-justification-center is-nowrap is-layout-flex wp-container-core-group-is-layout-94bc23d7 wp-block-group-is-layout-flex\">\n<ul class=\"wp-block-list wp-container-content-c9763a5f\">\n<li><strong><em>Plan de entrenamiento<\/em><\/strong>: Planes de entrenamientos personalizados, podr\u00eda variar en funcion de apreciaci\u00f3n o impresi\u00f3n durante los entrenamientos.<\/li>\n<\/ul>\n<\/div>\n<\/div><\/div>\n\n\n\n<div class=\"wp-block-buttons alignfull is-content-justification-center is-layout-flex wp-container-core-buttons-is-layout-16018d1d wp-block-buttons-is-layout-flex\">\n<div class=\"wp-block-button is-style-fill\"><a class=\"wp-block-button__link has-text-align-center wp-element-button\" href=\"https:\/\/xn--juanjomuoz-09a.com\/?page_id=152\">CONTACTO<\/a><\/div>\n<\/div>\n","protected":false},"excerpt":{"rendered":"<p>Mi objetivo como preparador f\u00edsico es mi total dedicaci\u00f3n a que consig\u00e1is el cambio f\u00edsico deseado. Por ello es necesario una mutua e imprescindible comunicaci\u00f3n y confianza, para alcanzar los resultados. Servicios incluidos Estos dos planes se ajustaran a vuestras posibilidades y disponibilidad. (horarios, presupuesto econ\u00f3mico, etc..)<\/p>\n","protected":false},"author":1,"featured_media":0,"parent":0,"menu_order":0,"comment_status":"closed","ping_status":"closed","template":"","meta":{"footnotes":""},"class_list":["post-46","page","type-page","status-publish"],"_links":{"self":[{"href":"https:\/\/xn--juanjomuoz-09a.com\/index.php?rest_route=\/wp\/v2\/pages\/46","targetHints":{"allow":["GET"]}}],"collection":[{"href":"https:\/\/xn--juanjomuoz-09a.com\/index.php?rest_route=\/wp\/v2\/pages"}],"about":[{"href":"https:\/\/xn--juanjomuoz-09a.com\/index.php?rest_route=\/wp\/v2\/types\/page"}],"author":[{"embeddable":true,"href":"https:\/\/xn--juanjomuoz-09a.com\/index.php?rest_route=\/wp\/v2\/users\/1"}],"replies":[{"embeddable":true,"href":"https:\/\/xn--juanjomuoz-09a.com\/index.php?rest_route=%2Fwp%2Fv2%2Fcomments&post=46"}],"version-history":[{"count":19,"href":"https:\/\/xn--juanjomuoz-09a.com\/index.php?rest_route=\/wp\/v2\/pages\/46\/revisions"}],"predecessor-version":[{"id":176,"href":"https:\/\/xn--juanjomuoz-09a.com\/index.php?rest_route=\/wp\/v2\/pages\/46\/revisions\/176"}],"wp:attachment":[{"href":"https:\/\/xn--juanjomuoz-09a.com\/index.php?rest_route=%2Fwp%2Fv2%2Fmedia&parent=46"}],"curies":[{"name":"wp","href":"https:\/\/api.w.org\/{rel}","templated":true}]}}